- -35) is divided by 134.
113
Let a(o) = 35*o**2 + o - 2. What is the remainder when a(1) is divided by 21?
13
Suppose 5*o - 51 = -3*n, 19 = -3*o + 6*o - 4*n. What is the remainder when 446 is divided by o?
5
Suppose -4*v + 1 = 2*l - 1, -4*l + 4 = -3*v. Suppose l = -5*c + 5*n - 4, -2*c - n + 13 = 0. Calculate the remainder when 50 is divided by c.
2
Let j = -103 - -192. Suppose 3*b - 231 = -3*a - 0*a, b = 2*a + j. Calculate the remainder when b is divided by 28.
25
Let x = -261 - -402. What is the remainder when x is divided by 6?
3
Let w(d) = -d**3 - 56*d**2 - 109*d + 3. Calculate the remainder when 140 is divided by w(-54).
26
Suppose -31*q = -32*q + 42. Let v = q + -29. What is the remainder when v is divided by 3?
1
Let g = -13 - -11. Let i be 582/(-30) + g/(-5). Let q = i - -40. Calculate the remainder when q is divided by 11.
10
Suppose -2*x + 14 = -3*g + 140, 0 = -2*g + 2*x + 84. Suppose -i - 5*a + g = 0, -5*i + 75 = -6*a + 4*a. Calculate the remainder when 47 is divided by i.
13
Let w = -132 + 418. Calculate the remainder when w is divided by 58.
54
Let q(n) = 79*n - 143. What is the remainder when q(3) is divided by 5?
4
Let x(v) be the first derivative of v**4/4 - 3*v**3 + 9*v**2/2 + v - 11. What is the remainder when x(8) is divided by 6?
3
Suppose 10*h - 321 - 1569 = 0. Calculate the remainder when h is divided by 16.
13
Let w(l) = 2*l**3 - 5*l - 3. What is the remainder when w(3) is divided by (4 - 3)/(3/39)?
10
Let h be (-1 - 27/(-6))/((-9)/(-162)). Suppose -h = -3*n - 4*n. Calculate the remainder when 24 is divided by n.
6
Suppose 6*u - 12*u = -258. Suppose -3*x + 41 = -7. Calculate the remainder when u is divided by x.
11
Suppose -6*b + 84 = -3*b. Calculate the remainder when b is divided by (-119)/14*(-2 - 0).
11
Let c(g) = g. Suppose 6 = 3*q + 3, -2*q = 3*a - 146. What is the remainder when a is divided by c(10)?
8
Let o = -3 - -6. Suppose -m + o + 8 = 0. Suppose 0 = 1713*u - 1712*u - 32. Calculate the remainder when u is divided by m.
10
Let f = -15 - -18. Suppose 3*x = -0*b - 2*b + 9, 3*x = -f*b + 6. Suppose -x*t + 127 + 43 = 0. What is the remainder when 67 is divided by t?
33
Let d be 15/4 + (44/(-16))/(-11). What is the remainder when (10/d)/(4/48) is divided by 12?
6
Let a = 71 + -50. Let s = 32 - a. Let i(l) = l**2 + 16*l + 2. What is the remainder when i(-17) is divided by s?
8
Let r = -11 - -12. Let b be (r - (5 - 3))*-97. Suppose -8 = 5*f + y - b, -15 = -f - 3*y. What is the remainder when f is divided by 5?
3
Let z be (2/(-3))/(2/6). Let f = -13 + z. Let p = f + 56. What is the remainder when p is divided by 22?
19
Let t = -55 - -55. Suppose 2*l - 59 + 15 = 0. What is the remainder when l is divided by (7 - 1) + t/(-4)?
4
Suppose 0 = -11*z + 15*z + 208. What is the remainder when 74 is divided by (-1)/(-1*(-4)/z)?
9
Let m = -413 - -422. Calculate the remainder when 105 is divided by m.
6
Let x be 12/8*2/3. Suppose 4*k - x = 43. What is the remainder when 32 is divided by k?
10
Let w(o) = -o**2 + 29*o + 87. Calculate the remainder when w(14) is divided by 12.
9
Suppose 2*d - 23 = -n, 0 = -5*n - 14 - 11. Calculate the remainder when 69 is divided by d.
13
Let w = 27 - 24. Suppose w*s + s - 735 = n, 0 = -2*n - 6. Calculate the remainder when s is divided by 23.
22
Let k(f) = 2*f + 8. Let s be k(0). Suppose -13 - s = -7*c. Calculate the remainder when 5 is divided by c.
2
Let d be (5 - 4)/(1/3). Suppose 0 = -4*u - 5*r - 16 + 84, -d*r = 3*u - 48. Calculate the remainder when 35 is divided by u.
11
Let m = -41 + 71. Suppose -s = -m - 1. Let b(x) = -x**2 + 94*x + 617. Calculate the remainder when s is divided by b(100).
14
Suppose 0 = 5*a - 3*l - 108, a - 2*l + 61 = 4*a. Suppose 0 = -s + 29 - 27, -240 = -4*p + 4*s. Calculate the remainder when p is divided by a.
20
Let q = -21 - -11. Let f(g) = -g**3 + 11*g**2 + g + 2. What is the remainder when f(11) is divided by (-30)/4*q/15?
3
Let g = 183 + -181. Let u(a) = 3*a**3 - a**2. Let x be u(1). Suppose -5*n + n + g = 2*p, -44 = -4*p + x*n. Calculate the remainder when 61 is divided by p.
7
Calculate the remainder when 134 is divided by (24 + 7 + 5)/1.
26
Suppose -204 = -2*w - 5*q, -5*q - 460 = -4*w - 2*q. Calculate the remainder when w is divided by (-27 - -30)*(2/6)/1*19.
17
Let w(t) = t**3 + 4*t**2 + 3. Suppose 4*k + 2*r = r - 20, -r = 5*k + 24. Let s be w(k). Suppose s*z = -0*z + 15. What is the remainder when 18 is divided by z?
3
Calculate the remainder when (-1)/(-4) + 681/12 is divided by ((-12)/(-10))/(61/10 + -6).
9
Let t(m) = m**2 + 6*m + 15. Suppose 0 = 25*k - 31*k + 108. Calculate the remainder when t(-11) is divided by k.
16
Suppose j = 3*m + 21, -j + 10*m + 27 = 5*m. Suppose -16*d = -j*d - 236. What is the remainder when d is divided by 21?
17
Suppose 6*c - 11*c + 545 = 0. What is the remainder when c is divided by 40?
29
Let l = -603 - -628. Calculate the remainder when 25 is divided by l.
0
Suppose 174 - 636 = -11*i. What is the remainder when i is divided by 19?
4
Suppose 50*h = a + 45*h + 9, -4*h = 4*a - 36. What is the remainder when 55 is divided by a?
1
Suppose 4*p - 510 = -2*d, -4*p + 519 = 4*d - 5*d. Calculate the remainder when p is divided by 12.
9
Suppose -8*p + 11*p - 5085 = 0. Calculate the remainder when p is divided by 16.
15
Suppose -3*y + 88 = -173. Let x(n) = -85*n + 2645. Calculate the remainder when y is divided by x(31).
7
Let k(t) = -t**3 + 4*t**2 + 11*t + 9. Calculate the remainder when 49 is divided by k(6).
1
What is the remainder when 197 is divided by (62 - 0)/(5/50*10)?
11
Suppose -5*k + 168 = 4*c, -5*c = -4*c + 3*k - 35. Calculate the remainder when c is divided by (-1 - 7)/((-1)/2).
15
Calculate the remainder when 166 is divided by (-2)/19 + (-3216)/(-228).
12
What is the remainder when (-5)/((-50)/3810) + -3 is divided by 16?
10
Let t(z) = z - z**2 - 6*z**2 + z**2 - 3*z**3 + 4*z**3. Suppose 4*g - 20 = 0, 8 = -0*s + 3*s - 2*g. What is the remainder when 11 is divided by t(s)?
5
Suppose 0 = 2*m - 0 + 2, 5*l - 420 = 5*m. Suppose l = 5*i + 4*z, 53 = -i + 3*i - 5*z. Calculate the remainder when 94 is divided by i.
18
Let s(a) = a**3 + 4*a**2 + a + 8. What is the remainder when 152 is divided by s(-3)?
12
Let v(j) = j**3 + 5*j**2 - 8*j - 2. Let z be v(-6). Let w be 53/11 - z/(-55). Suppose w*n - n = 88. Calculate the remainder when n is divided by 8.
6
Let d(s) = s**3 + 14*s**2 - 17*s + 22. What is the remainder when d(-15) is divided by 27?
25
Suppose 5*u + 30 = x, 28 = 4*x - 3*x - 4*u. Let r be (2/(-4))/(7/(-392)). Suppose -6*f = -2*f - r. What is the remainder when x is divided by f?
6
Let p = -232 - -279. Calculate the remainder when 91 is divided by p.
44
Let w(j) = -j**2 + 41*j - 334. What is the remainder when 447 is divided by w(12)?
13
Let m = 2 + 5. Let s = -5 - -14. Let i(r) = -r**3 + 9*r**2 - r + 11. Calculate the remainder when m is divided by i(s).
1
Suppose 0 = 13*g - 14*g + 3. Suppose g*o - 113 = -26. Calculate the remainder when o is divided by 16.
13
Suppose -34*m = -10*m - 72. Calculate the remainder when 81 is divided by m.
0
Suppose -14*h = -72 - 656. What is the remainder when 94 is divided by h?
42
Suppose 0 = 3*a + 15, -23*l = -21*l - 2*a - 1844. What is the remainder when l is divided by 46?
43
Let g = 8 - -10. Suppose -3*l + 33 = -180. What is the remainder when l is divided by g?
17
Suppose 680 = 4*l - 3*x, -l - l + 4*x + 330 = 0. Let n = 283 - l. What is the remainder when n is divided by -16*(-7)/6*(-9)/(-6)?
26
Let h = -2309 + 2318. Suppose 0 = y - 84 - 14. Suppose 4*r - y = 34. What is the remainder when r is divided by h?
6
Let o(v) = -13*v - 151. What is the remainder when o(-14) is divided by 11?
9
Suppose -5*w = -196 + 21. Let p = -42 - -34. Calculate the remainder when ((-2)/2)/(p/1112) is divided by w.
34
Let o = 37 - 33. Suppose 0 = -4*a, o*g - 72 = -2*a - 2*a. Suppose -21 = -5*n - 1. What is the remainder when g is divided by n?
2
Let o = -68 - -99. Suppose s = 2*w, -4*w - w = -5*s + 5. Suppose -u - 362 = -4*k, -k = s*k - u - 272. What is the remainder when k is divided by o?
28
Let n be (3 + -2 + 0)*1*0. Let p = -36 + 74. Suppose 9 = 5*t - 1, 3*l + 4*t - p = n. Calculate the remainder when l is divided by 4.
2
Let c(w) = -17*w - 208. Calculate the remainder when c(-17) is divided by 41.
40
Le